
{"id":123,"date":"2025-11-02T10:01:37","date_gmt":"2025-11-02T09:01:37","guid":{"rendered":"https:\/\/wiad.edu.pl\/www\/?page_id=123"},"modified":"2025-12-04T07:29:37","modified_gmt":"2025-12-04T06:29:37","slug":"komitet-organizacyjny","status":"publish","type":"page","link":"https:\/\/wiad.edu.pl\/www\/komitet-organizacyjny\/","title":{"rendered":"Komitet Organizacyjny WIAD 2026"},"content":{"rendered":"\n<div class=\"wp-block-columns is-layout-flex wp-container-core-columns-is-layout-9d6595d7 wp-block-columns-is-layout-flex\">\n<div class=\"wp-block-column is-vertically-aligned-top is-layout-flow wp-block-column-is-layout-flow\" style=\"flex-basis:33.33%\"><div class=\"wp-block-image is-style-rounded\">\n<figure class=\"aligncenter size-full\"><img loading=\"lazy\" decoding=\"async\" width=\"500\" height=\"500\" src=\"https:\/\/wiad.edu.pl\/www\/wp-content\/uploads\/kortas-weronika.jpg\" alt=\"\" class=\"wp-image-249\" style=\"aspect-ratio:1;object-fit:cover\" srcset=\"https:\/\/wiad.edu.pl\/www\/wp-content\/uploads\/kortas-weronika.jpg 500w, https:\/\/wiad.edu.pl\/www\/wp-content\/uploads\/kortas-weronika-300x300.jpg 300w, https:\/\/wiad.edu.pl\/www\/wp-content\/uploads\/kortas-weronika-150x150.jpg 150w\" sizes=\"auto, (max-width: 500px) 100vw, 500px\" \/><\/figure>\n<\/div><\/div>\n\n\n\n<div class=\"wp-block-column is-layout-flow wp-block-column-is-layout-flow\" style=\"flex-basis:66.66%\">\n<h2 class=\"wp-block-heading\">dr Weronika Kortas<\/h2>\n\n\n\n<p class=\"has-medium-font-size\">przewodnicz\u0105ca komitetu naukowego<\/p>\n\n\n\n<p><a href=\"https:\/\/weronika.kortas.prac.umk.pl\/\" data-type=\"link\" data-id=\"https:\/\/weronika.kortas.prac.umk.pl\/\" target=\"_blank\" rel=\"noreferrer noopener\">Strona domowa dr Weroniki Kortas (nowe okno) <\/a><\/p>\n<\/div>\n<\/div>\n\n\n\n<div class=\"wp-block-columns is-layout-flex wp-container-core-columns-is-layout-9d6595d7 wp-block-columns-is-layout-flex\">\n<div class=\"wp-block-column is-vertically-aligned-top is-layout-flow wp-block-column-is-layout-flow\" style=\"flex-basis:33.33%\"><div class=\"wp-block-image is-style-rounded\">\n<figure class=\"aligncenter size-full\"><img loading=\"lazy\" decoding=\"async\" width=\"500\" height=\"500\" src=\"https:\/\/wiad.edu.pl\/www\/wp-content\/uploads\/rudera-piotr.jpg\" alt=\"\" class=\"wp-image-254\" srcset=\"https:\/\/wiad.edu.pl\/www\/wp-content\/uploads\/rudera-piotr.jpg 500w, https:\/\/wiad.edu.pl\/www\/wp-content\/uploads\/rudera-piotr-300x300.jpg 300w, https:\/\/wiad.edu.pl\/www\/wp-content\/uploads\/rudera-piotr-150x150.jpg 150w\" sizes=\"auto, (max-width: 500px) 100vw, 500px\" \/><\/figure>\n<\/div><\/div>\n\n\n\n<div class=\"wp-block-column is-layout-flow wp-block-column-is-layout-flow\" style=\"flex-basis:66.66%\">\n<h2 class=\"wp-block-heading\">dr Piotr Rudera<\/h2>\n\n\n\n<p class=\"has-medium-font-size\">osoba do kontaktu w sprawie op\u0142at i faktur<\/p>\n<\/div>\n<\/div>\n\n\n\n<div class=\"wp-block-columns is-layout-flex wp-container-core-columns-is-layout-9d6595d7 wp-block-columns-is-layout-flex\">\n<div class=\"wp-block-column is-vertically-aligned-top is-layout-flow wp-block-column-is-layout-flow\" style=\"flex-basis:33.33%\"><div class=\"wp-block-image is-style-rounded\">\n<figure class=\"aligncenter size-full\"><img loading=\"lazy\" decoding=\"async\" width=\"500\" height=\"500\" src=\"https:\/\/wiad.edu.pl\/www\/wp-content\/uploads\/komendzinski-tomasz.jpg\" alt=\"\" class=\"wp-image-477\" style=\"aspect-ratio:1;object-fit:cover\" srcset=\"https:\/\/wiad.edu.pl\/www\/wp-content\/uploads\/komendzinski-tomasz.jpg 500w, https:\/\/wiad.edu.pl\/www\/wp-content\/uploads\/komendzinski-tomasz-300x300.jpg 300w, https:\/\/wiad.edu.pl\/www\/wp-content\/uploads\/komendzinski-tomasz-150x150.jpg 150w\" sizes=\"auto, (max-width: 500px) 100vw, 500px\" \/><\/figure>\n<\/div><\/div>\n\n\n\n<div class=\"wp-block-column is-layout-flow wp-block-column-is-layout-flow\" style=\"flex-basis:66.66%\">\n<h2 class=\"wp-block-heading\">dr Tomasz Komendzi\u0144ski<\/h2>\n<\/div>\n<\/div>\n\n\n\n<div class=\"wp-block-columns is-layout-flex wp-container-core-columns-is-layout-9d6595d7 wp-block-columns-is-layout-flex\">\n<div class=\"wp-block-column is-vertically-aligned-top is-layout-flow wp-block-column-is-layout-flow\" style=\"flex-basis:33.33%\"><div class=\"wp-block-image is-style-rounded\">\n<figure class=\"aligncenter size-full\"><img loading=\"lazy\" decoding=\"async\" width=\"500\" height=\"500\" src=\"https:\/\/wiad.edu.pl\/www\/wp-content\/uploads\/stepski-slawomir.jpg\" alt=\"\" class=\"wp-image-256\" srcset=\"https:\/\/wiad.edu.pl\/www\/wp-content\/uploads\/stepski-slawomir.jpg 500w, https:\/\/wiad.edu.pl\/www\/wp-content\/uploads\/stepski-slawomir-300x300.jpg 300w, https:\/\/wiad.edu.pl\/www\/wp-content\/uploads\/stepski-slawomir-150x150.jpg 150w\" sizes=\"auto, (max-width: 500px) 100vw, 500px\" \/><\/figure>\n<\/div><\/div>\n\n\n\n<div class=\"wp-block-column is-layout-flow wp-block-column-is-layout-flow\" style=\"flex-basis:66.66%\">\n<h2 class=\"wp-block-heading\">dr S\u0142awomir St\u0119pski<\/h2>\n\n\n\n<p class=\"has-medium-font-size\">tw\u00f3rca i administrator serwisu internetowego Konferencji<\/p>\n\n\n\n<p><a href=\"https:\/\/sstepski.info\/pl\/\" data-type=\"link\" data-id=\"https:\/\/sstepski.info\/pl\/\" target=\"_blank\" rel=\"noreferrer noopener\">Strona domowa dra S\u0142awomira St\u0119pskiego (nowe okno)<\/a><\/p>\n<\/div>\n<\/div>\n\n\n\n<div class=\"wp-block-columns is-layout-flex wp-container-core-columns-is-layout-9d6595d7 wp-block-columns-is-layout-flex\">\n<div class=\"wp-block-column is-vertically-aligned-top is-layout-flow wp-block-column-is-layout-flow\" style=\"flex-basis:33.33%\"><div class=\"wp-block-image is-style-rounded\">\n<figure class=\"aligncenter size-full\"><img loading=\"lazy\" decoding=\"async\" width=\"500\" height=\"500\" src=\"https:\/\/wiad.edu.pl\/www\/wp-content\/uploads\/wieniecki.png\" alt=\"\" class=\"wp-image-471\" srcset=\"https:\/\/wiad.edu.pl\/www\/wp-content\/uploads\/wieniecki.png 500w, https:\/\/wiad.edu.pl\/www\/wp-content\/uploads\/wieniecki-300x300.png 300w, https:\/\/wiad.edu.pl\/www\/wp-content\/uploads\/wieniecki-150x150.png 150w\" sizes=\"auto, (max-width: 500px) 100vw, 500px\" \/><\/figure>\n<\/div><\/div>\n\n\n\n<div class=\"wp-block-column is-layout-flow wp-block-column-is-layout-flow\" style=\"flex-basis:66.66%\">\n<h2 class=\"wp-block-heading\">mgr Krzysztof Wieniecki<\/h2>\n\n\n\n<p class=\"has-medium-font-size\"><\/p>\n\n\n\n<p>Uniwersytet Miko\u0142aja Kopernika w Toruniu<\/p>\n<\/div>\n<\/div>\n\n\n\n<div class=\"wp-block-columns is-layout-flex wp-container-core-columns-is-layout-9d6595d7 wp-block-columns-is-layout-flex\">\n<div class=\"wp-block-column is-vertically-aligned-top is-layout-flow wp-block-column-is-layout-flow\" style=\"flex-basis:33.33%\"><div class=\"wp-block-image is-style-rounded\">\n<figure class=\"aligncenter size-full\"><img loading=\"lazy\" decoding=\"async\" width=\"500\" height=\"500\" src=\"https:\/\/wiad.edu.pl\/www\/wp-content\/uploads\/wieniecka.png\" alt=\"\" class=\"wp-image-473\" srcset=\"https:\/\/wiad.edu.pl\/www\/wp-content\/uploads\/wieniecka.png 500w, https:\/\/wiad.edu.pl\/www\/wp-content\/uploads\/wieniecka-300x300.png 300w, https:\/\/wiad.edu.pl\/www\/wp-content\/uploads\/wieniecka-150x150.png 150w\" sizes=\"auto, (max-width: 500px) 100vw, 500px\" \/><\/figure>\n<\/div><\/div>\n\n\n\n<div class=\"wp-block-column is-layout-flow wp-block-column-is-layout-flow\" style=\"flex-basis:66.66%\">\n<h2 class=\"wp-block-heading\">mgr Anna Wieniecka<\/h2>\n\n\n\n<p class=\"has-medium-font-size\"><\/p>\n\n\n\n<p>Uniwersytet Miko\u0142aja Kopernika w Toruniu<\/p>\n<\/div>\n<\/div>\n","protected":false},"excerpt":{"rendered":"<p>dr Weronika Kortas przewodnicz\u0105ca komitetu naukowego Strona domowa dr Weroniki Kortas (nowe okno) dr Piotr Rudera osoba do kontaktu w sprawie op\u0142at i faktur dr Tomasz Komendzi\u0144ski dr S\u0142awomir St\u0119pski tw\u00f3rca i administrator serwisu internetowego Konferencji Strona domowa dra S\u0142awomira St\u0119pskiego (nowe okno) mgr Krzysztof Wieniecki Uniwersytet Miko\u0142aja Kopernika w Toruniu mgr Anna Wieniecka Uniwersytet&#8230;<\/p>\n","protected":false},"author":1,"featured_media":0,"parent":0,"menu_order":0,"comment_status":"closed","ping_status":"closed","template":"","meta":{"_kad_post_transparent":"","_kad_post_title":"","_kad_post_layout":"","_kad_post_sidebar_id":"","_kad_post_content_style":"","_kad_post_vertical_padding":"","_kad_post_feature":"","_kad_post_feature_position":"","_kad_post_header":false,"_kad_post_footer":false,"_kad_post_classname":"","footnotes":""},"class_list":["post-123","page","type-page","status-publish","hentry"],"_links":{"self":[{"href":"https:\/\/wiad.edu.pl\/www\/wp-json\/wp\/v2\/pages\/123","targetHints":{"allow":["GET"]}}],"collection":[{"href":"https:\/\/wiad.edu.pl\/www\/wp-json\/wp\/v2\/pages"}],"about":[{"href":"https:\/\/wiad.edu.pl\/www\/wp-json\/wp\/v2\/types\/page"}],"author":[{"embeddable":true,"href":"https:\/\/wiad.edu.pl\/www\/wp-json\/wp\/v2\/users\/1"}],"replies":[{"embeddable":true,"href":"https:\/\/wiad.edu.pl\/www\/wp-json\/wp\/v2\/comments?post=123"}],"version-history":[{"count":20,"href":"https:\/\/wiad.edu.pl\/www\/wp-json\/wp\/v2\/pages\/123\/revisions"}],"predecessor-version":[{"id":478,"href":"https:\/\/wiad.edu.pl\/www\/wp-json\/wp\/v2\/pages\/123\/revisions\/478"}],"wp:attachment":[{"href":"https:\/\/wiad.edu.pl\/www\/wp-json\/wp\/v2\/media?parent=123"}],"curies":[{"name":"wp","href":"https:\/\/api.w.org\/{rel}","templated":true}]}}